{"id":824,"date":"2023-05-10T11:40:35","date_gmt":"2023-05-10T09:40:35","guid":{"rendered":"https:\/\/neu.weidemanagement.ch\/experiences-a-letranger-2\/"},"modified":"2023-06-13T13:33:51","modified_gmt":"2023-06-13T11:33:51","slug":"experiences-a-letranger-2","status":"publish","type":"page","link":"https:\/\/weidemanagement.ch\/fr\/experiences-a-letranger-2\/","title":{"rendered":"Exp\u00e9riences \u00e0 l\u2019\u00e9tranger"},"content":{"rendered":"<div id='av_section_1'  class='avia-section av-kbufzd3s-dd428f854b73db9c732bdb3b761e163e main_color avia-section-default avia-shadow  avia-builder-el-0  avia-builder-el-no-sibling  avia-bg-style-scroll container_wrap fullsize'  ><div class='container av-section-cont-open' ><main  role=\"main\" itemprop=\"mainContentOfPage\"  class='template-page content  av-content-full alpha units'><div class='post-entry post-entry-type-page post-entry-824'><div class='entry-content-wrapper clearfix'>\n<div  class='flex_column av-2loz-c3243a1d4d7c50c8159b4a16400c2634 av_two_third  avia-builder-el-1  avia-builder-el-no-sibling  first flex_column_div  '     ><section  class='av_textblock_section av-lhj1a38w-49a3666819ab5e33c71a8d5d98c6afff '   itemscope=\"itemscope\" itemtype=\"https:\/\/schema.org\/CreativeWork\" ><div class='avia_textblock'  itemprop=\"text\" ><h1>Exp\u00e9riences \u00e0 l\u2019\u00e9tranger<\/h1>\n<\/div><\/section><br \/>\n<section  class='av_textblock_section av-lhj1ausa-2e33b01185ab429d23437445fb0fda3c '   itemscope=\"itemscope\" itemtype=\"https:\/\/schema.org\/CreativeWork\" ><div class='avia_textblock'  itemprop=\"text\" ><p><strong>Documents:<\/strong><\/p>\n<ul>\n<li><a href=\"https:\/\/weidemanagement.ch\/wp-content\/uploads\/2023\/05\/221117-Internatinale-Lage-Wolf-FR-IT-AT_Praesentationen.pdf\" target=\"_blank\" rel=\"noopener\">Plate-forme de dialogue du 17.11.22: Situation du loup en France, Wolfssituation in Frankreich, dans le Tyrol du Sud et en Autriche, pr\u00e9sentations (en allemand\/ en fran\u00e7ais)<\/a><\/li>\n<li><a href=\"https:\/\/weidemanagement.ch\/wp-content\/uploads\/2023\/05\/WISO_Annex1_Prevention-of-damages-caused-by-large-carnivores-in-the-Alps_20200921.pdf\" target=\"_blank\" rel=\"noopener\">Alpine convention, 2020: Prevention of damages caused by large carnivores in the alps, rapport (en anglais)<\/a><\/li>\n<li><a href=\"https:\/\/www.youtube.com\/playlist?list=PL84_1tngVP3tW7rs4CCoIARL695D9oT6Z\" target=\"_blank\" rel=\"noopener\">S\u00fcdtiroler Landwirt: Wolf und B\u00e4r im S\u00fcdtirol, vid\u00e9os (en allemand)<\/a><\/li>\n<li><a href=\"https:\/\/weidemanagement.ch\/wp-content\/uploads\/2023\/05\/Reseau-pastorale_experiences-chiens-de-protection.pdf\" target=\"_blank\" rel=\"noopener\">R\u00e9seau pastorale Auvergne-R\u00f4hne-Alpes: exp\u00e9riences avec les chiens de protection<\/a><\/li>\n<li><a href=\"https:\/\/weidemanagement.ch\/wp-content\/uploads\/2023\/05\/Direction-Departementale-Isere_formulaire-dincident-avec-chiens-de-protection.pdf\" target=\"_blank\" rel=\"noopener\">Direction D\u00e9partementale Is\u00e8re: Formulaire d&rsquo;incident avec chiens de protection<\/a><\/li>\n<li><a href=\"https:\/\/weidemanagement.ch\/wp-content\/uploads\/2023\/05\/Auvergne-Rhone-Alpes_VTT-chiens-de-protection.pdf\" target=\"_blank\" rel=\"noopener\">Auvergne-Rh\u00f4ne-Alpes: VTT et chiens de protection<\/a><\/li>\n<li><a href=\"https:\/\/www.alpages38.org\/\" target=\"_blank\" rel=\"noopener\">F\u00e9d\u00e9ration des Alpages de l&rsquo;Is\u00e8re: site de la FAI<\/a><\/li>\n<li><a href=\"https:\/\/www.ecrins-parcnational.fr\/actualite\/video-chiens-protection-troupeaux\" target=\"_blank\" rel=\"noopener\">Parc national des Ecrins: vid\u00e9o sur les chiens de protection<\/a><\/li>\n<li><a href=\"https:\/\/www.ecrins-parcnational.fr\/dossier\/chiens-protection-contexte-gestes-adopter\" target=\"_blank\" rel=\"noopener\">Parc national des Ecrins: chiens de protection<\/a><\/li>\n<\/ul>\n<\/div><\/section><\/p><\/div>\n","protected":false},"excerpt":{"rendered":"","protected":false},"author":4,"featured_media":0,"parent":0,"menu_order":0,"comment_status":"closed","ping_status":"closed","template":"","meta":{"footnotes":""},"class_list":["post-824","page","type-page","status-publish","hentry"],"yoast_head":"<!-- This site is optimized with the Yoast SEO plugin v27.5 - https:\/\/yoast.com\/product\/yoast-seo-wordpress\/ -->\n<title>Exp\u00e9riences \u00e0 l\u2019\u00e9tranger - weidemanagement.ch<\/title>\n<meta name=\"robots\" content=\"index, follow, max-snippet:-1, max-image-preview:large, max-video-preview:-1\" \/>\n<link rel=\"canonical\" href=\"https:\/\/weidemanagement.ch\/fr\/experiences-a-letranger-2\/\" \/>\n<meta property=\"og:locale\" content=\"fr_FR\" \/>\n<meta property=\"og:type\" content=\"article\" \/>\n<meta property=\"og:title\" content=\"Exp\u00e9riences \u00e0 l\u2019\u00e9tranger - weidemanagement.ch\" \/>\n<meta property=\"og:url\" content=\"https:\/\/weidemanagement.ch\/fr\/experiences-a-letranger-2\/\" \/>\n<meta property=\"og:site_name\" content=\"weidemanagement.ch\" \/>\n<meta property=\"article:modified_time\" content=\"2023-06-13T11:33:51+00:00\" \/>\n<meta name=\"twitter:card\" content=\"summary_large_image\" \/>\n<meta name=\"twitter:label1\" content=\"Dur\u00e9e de lecture estim\u00e9e\" \/>\n\t<meta name=\"twitter:data1\" content=\"4 minutes\" \/>\n<script type=\"application\/ld+json\" class=\"yoast-schema-graph\">{\"@context\":\"https:\\\/\\\/schema.org\",\"@graph\":[{\"@type\":\"WebPage\",\"@id\":\"https:\\\/\\\/weidemanagement.ch\\\/fr\\\/experiences-a-letranger-2\\\/\",\"url\":\"https:\\\/\\\/weidemanagement.ch\\\/fr\\\/experiences-a-letranger-2\\\/\",\"name\":\"Exp\u00e9riences \u00e0 l\u2019\u00e9tranger - weidemanagement.ch\",\"isPartOf\":{\"@id\":\"https:\\\/\\\/weidemanagement.ch\\\/fr\\\/#website\"},\"datePublished\":\"2023-05-10T09:40:35+00:00\",\"dateModified\":\"2023-06-13T11:33:51+00:00\",\"breadcrumb\":{\"@id\":\"https:\\\/\\\/weidemanagement.ch\\\/fr\\\/experiences-a-letranger-2\\\/#breadcrumb\"},\"inLanguage\":\"fr-FR\",\"potentialAction\":[{\"@type\":\"ReadAction\",\"target\":[\"https:\\\/\\\/weidemanagement.ch\\\/fr\\\/experiences-a-letranger-2\\\/\"]}]},{\"@type\":\"BreadcrumbList\",\"@id\":\"https:\\\/\\\/weidemanagement.ch\\\/fr\\\/experiences-a-letranger-2\\\/#breadcrumb\",\"itemListElement\":[{\"@type\":\"ListItem\",\"position\":1,\"name\":\"Startseite\",\"item\":\"https:\\\/\\\/weidemanagement.ch\\\/fr\\\/home\\\/\"},{\"@type\":\"ListItem\",\"position\":2,\"name\":\"Exp\u00e9riences \u00e0 l\u2019\u00e9tranger\"}]},{\"@type\":\"WebSite\",\"@id\":\"https:\\\/\\\/weidemanagement.ch\\\/fr\\\/#website\",\"url\":\"https:\\\/\\\/weidemanagement.ch\\\/fr\\\/\",\"name\":\"weidemanagement.ch\",\"description\":\"\",\"potentialAction\":[{\"@type\":\"SearchAction\",\"target\":{\"@type\":\"EntryPoint\",\"urlTemplate\":\"https:\\\/\\\/weidemanagement.ch\\\/fr\\\/?s={search_term_string}\"},\"query-input\":{\"@type\":\"PropertyValueSpecification\",\"valueRequired\":true,\"valueName\":\"search_term_string\"}}],\"inLanguage\":\"fr-FR\"}]}<\/script>\n<!-- \/ Yoast SEO plugin. -->","yoast_head_json":{"title":"Exp\u00e9riences \u00e0 l\u2019\u00e9tranger - weidemanagement.ch","robots":{"index":"index","follow":"follow","max-snippet":"max-snippet:-1","max-image-preview":"max-image-preview:large","max-video-preview":"max-video-preview:-1"},"canonical":"https:\/\/weidemanagement.ch\/fr\/experiences-a-letranger-2\/","og_locale":"fr_FR","og_type":"article","og_title":"Exp\u00e9riences \u00e0 l\u2019\u00e9tranger - weidemanagement.ch","og_url":"https:\/\/weidemanagement.ch\/fr\/experiences-a-letranger-2\/","og_site_name":"weidemanagement.ch","article_modified_time":"2023-06-13T11:33:51+00:00","twitter_card":"summary_large_image","twitter_misc":{"Dur\u00e9e de lecture estim\u00e9e":"4 minutes"},"schema":{"@context":"https:\/\/schema.org","@graph":[{"@type":"WebPage","@id":"https:\/\/weidemanagement.ch\/fr\/experiences-a-letranger-2\/","url":"https:\/\/weidemanagement.ch\/fr\/experiences-a-letranger-2\/","name":"Exp\u00e9riences \u00e0 l\u2019\u00e9tranger - weidemanagement.ch","isPartOf":{"@id":"https:\/\/weidemanagement.ch\/fr\/#website"},"datePublished":"2023-05-10T09:40:35+00:00","dateModified":"2023-06-13T11:33:51+00:00","breadcrumb":{"@id":"https:\/\/weidemanagement.ch\/fr\/experiences-a-letranger-2\/#breadcrumb"},"inLanguage":"fr-FR","potentialAction":[{"@type":"ReadAction","target":["https:\/\/weidemanagement.ch\/fr\/experiences-a-letranger-2\/"]}]},{"@type":"BreadcrumbList","@id":"https:\/\/weidemanagement.ch\/fr\/experiences-a-letranger-2\/#breadcrumb","itemListElement":[{"@type":"ListItem","position":1,"name":"Startseite","item":"https:\/\/weidemanagement.ch\/fr\/home\/"},{"@type":"ListItem","position":2,"name":"Exp\u00e9riences \u00e0 l\u2019\u00e9tranger"}]},{"@type":"WebSite","@id":"https:\/\/weidemanagement.ch\/fr\/#website","url":"https:\/\/weidemanagement.ch\/fr\/","name":"weidemanagement.ch","description":"","potentialAction":[{"@type":"SearchAction","target":{"@type":"EntryPoint","urlTemplate":"https:\/\/weidemanagement.ch\/fr\/?s={search_term_string}"},"query-input":{"@type":"PropertyValueSpecification","valueRequired":true,"valueName":"search_term_string"}}],"inLanguage":"fr-FR"}]}},"_links":{"self":[{"href":"https:\/\/weidemanagement.ch\/fr\/wp-json\/wp\/v2\/pages\/824","targetHints":{"allow":["GET"]}}],"collection":[{"href":"https:\/\/weidemanagement.ch\/fr\/wp-json\/wp\/v2\/pages"}],"about":[{"href":"https:\/\/weidemanagement.ch\/fr\/wp-json\/wp\/v2\/types\/page"}],"author":[{"embeddable":true,"href":"https:\/\/weidemanagement.ch\/fr\/wp-json\/wp\/v2\/users\/4"}],"replies":[{"embeddable":true,"href":"https:\/\/weidemanagement.ch\/fr\/wp-json\/wp\/v2\/comments?post=824"}],"version-history":[{"count":7,"href":"https:\/\/weidemanagement.ch\/fr\/wp-json\/wp\/v2\/pages\/824\/revisions"}],"predecessor-version":[{"id":1670,"href":"https:\/\/weidemanagement.ch\/fr\/wp-json\/wp\/v2\/pages\/824\/revisions\/1670"}],"wp:attachment":[{"href":"https:\/\/weidemanagement.ch\/fr\/wp-json\/wp\/v2\/media?parent=824"}],"curies":[{"name":"wp","href":"https:\/\/api.w.org\/{rel}","templated":true}]}}

Expériences à l’étranger

<div id='av_section_1'  class='avia-section av-kbufzd3s-dd428f854b73db9c732bdb3b761e163e main_color avia-section-default avia-shadow  avia-builder-el-0  avia-builder-el-no-sibling  avia-bg-style-scroll container_wrap fullsize'  ><div class='container av-section-cont-open' ><main  role="main" itemprop="mainContentOfPage"  class='template-page content  av-content-full alpha units'><div class='post-entry post-entry-type-page post-entry-824'><div class='entry-content-wrapper clearfix'>
<div  class='flex_column av-2loz-c3243a1d4d7c50c8159b4a16400c2634 av_two_third  avia-builder-el-1  avia-builder-el-no-sibling  first flex_column_div  '     ><section  class='av_textblock_section av-lhj1a38w-49a3666819ab5e33c71a8d5d98c6afff '   itemscope="itemscope" itemtype="https://schema.org/CreativeWork" ><div class='avia_textblock'  itemprop="text" ><h1>Expériences à l’étranger</h1>
</div></section><br />
<section  class='av_textblock_section av-lhj1ausa-2e33b01185ab429d23437445fb0fda3c '   itemscope="itemscope" itemtype="https://schema.org/CreativeWork" ><div class='avia_textblock'  itemprop="text" ><p><strong>Documents:</strong></p>
<ul>
<li><a href="https://weidemanagement.ch/wp-content/uploads/2023/05/221117-Internatinale-Lage-Wolf-FR-IT-AT_Praesentationen.pdf" target="_blank" rel="noopener">Plate-forme de dialogue du 17.11.22: Situation du loup en France, Wolfssituation in Frankreich, dans le Tyrol du Sud et en Autriche, présentations (en allemand/ en français)</a></li>
<li><a href="https://weidemanagement.ch/wp-content/uploads/2023/05/WISO_Annex1_Prevention-of-damages-caused-by-large-carnivores-in-the-Alps_20200921.pdf" target="_blank" rel="noopener">Alpine convention, 2020: Prevention of damages caused by large carnivores in the alps, rapport (en anglais)</a></li>
<li><a href="https://www.youtube.com/playlist?list=PL84_1tngVP3tW7rs4CCoIARL695D9oT6Z" target="_blank" rel="noopener">Südtiroler Landwirt: Wolf und Bär im Südtirol, vidéos (en allemand)</a></li>
<li><a href="https://weidemanagement.ch/wp-content/uploads/2023/05/Reseau-pastorale_experiences-chiens-de-protection.pdf" target="_blank" rel="noopener">Réseau pastorale Auvergne-Rôhne-Alpes: expériences avec les chiens de protection</a></li>
<li><a href="https://weidemanagement.ch/wp-content/uploads/2023/05/Direction-Departementale-Isere_formulaire-dincident-avec-chiens-de-protection.pdf" target="_blank" rel="noopener">Direction Départementale Isère: Formulaire d&rsquo;incident avec chiens de protection</a></li>
<li><a href="https://weidemanagement.ch/wp-content/uploads/2023/05/Auvergne-Rhone-Alpes_VTT-chiens-de-protection.pdf" target="_blank" rel="noopener">Auvergne-Rhône-Alpes: VTT et chiens de protection</a></li>
<li><a href="https://www.alpages38.org/" target="_blank" rel="noopener">Fédération des Alpages de l&rsquo;Isère: site de la FAI</a></li>
<li><a href="https://www.ecrins-parcnational.fr/actualite/video-chiens-protection-troupeaux" target="_blank" rel="noopener">Parc national des Ecrins: vidéo sur les chiens de protection</a></li>
<li><a href="https://www.ecrins-parcnational.fr/dossier/chiens-protection-contexte-gestes-adopter" target="_blank" rel="noopener">Parc national des Ecrins: chiens de protection</a></li>
</ul>
</div></section></p></div>

<!-- This site is optimized with the Yoast SEO plugin v27.5 - https://yoast.com/product/yoast-seo-wordpress/ -->
<title>Expériences à l’étranger - weidemanagement.ch</title>
<meta name="robots" content="index, follow, max-snippet:-1, max-image-preview:large, max-video-preview:-1" />
<link rel="canonical" href="https://weidemanagement.ch/fr/experiences-a-letranger-2/" />
<meta property="og:locale" content="fr_FR" />
<meta property="og:type" content="article" />
<meta property="og:title" content="Expériences à l’étranger - weidemanagement.ch" />
<meta property="og:url" content="https://weidemanagement.ch/fr/experiences-a-letranger-2/" />
<meta property="og:site_name" content="weidemanagement.ch" />
<meta property="article:modified_time" content="2023-06-13T11:33:51+00:00" />
<meta name="twitter:card" content="summary_large_image" />
<meta name="twitter:label1" content="Durée de lecture estimée" />
	<meta name="twitter:data1" content="4 minutes" />
<script type="application/ld+json" class="yoast-schema-graph">{"@context":"https:\/\/schema.org","@graph":[{"@type":"WebPage","@id":"https:\/\/weidemanagement.ch\/fr\/experiences-a-letranger-2\/","url":"https:\/\/weidemanagement.ch\/fr\/experiences-a-letranger-2\/","name":"Expériences à l’étranger - weidemanagement.ch","isPartOf":{"@id":"https:\/\/weidemanagement.ch\/fr\/#website"},"datePublished":"2023-05-10T09:40:35+00:00","dateModified":"2023-06-13T11:33:51+00:00","breadcrumb":{"@id":"https:\/\/weidemanagement.ch\/fr\/experiences-a-letranger-2\/#breadcrumb"},"inLanguage":"fr-FR","potentialAction":[{"@type":"ReadAction","target":["https:\/\/weidemanagement.ch\/fr\/experiences-a-letranger-2\/"]}]},{"@type":"BreadcrumbList","@id":"https:\/\/weidemanagement.ch\/fr\/experiences-a-letranger-2\/#breadcrumb","itemListElement":[{"@type":"ListItem","position":1,"name":"Startseite","item":"https:\/\/weidemanagement.ch\/fr\/home\/"},{"@type":"ListItem","position":2,"name":"Expériences à l’étranger"}]},{"@type":"WebSite","@id":"https:\/\/weidemanagement.ch\/fr\/#website","url":"https:\/\/weidemanagement.ch\/fr\/","name":"weidemanagement.ch","description":"","potentialAction":[{"@type":"SearchAction","target":{"@type":"EntryPoint","urlTemplate":"https:\/\/weidemanagement.ch\/fr\/?s={search_term_string}"},"query-input":{"@type":"PropertyValueSpecification","valueRequired":true,"valueName":"search_term_string"}}],"inLanguage":"fr-FR"}]}</script>
<!-- / Yoast SEO plugin. -->

Expériences à l’étranger - weidemanagement.ch
